late the highest common factor of 19 and r.
19
Let c be (-30)/(-9)*27/15. What is the highest common factor of c and 18?
6
Suppose 0 = -h - 3*c + 8, 2*h - 16 = -2*c - c. Calculate the greatest common factor of h and 1.
1
Let p(n) = -5*n + 16. Let x(d) = 11*d - 33. Let q(a) = 13*p(a) + 6*x(a). Let l be q(0). Calculate the greatest common divisor of l and 25.
5
Suppose -294 = -0*d - 3*d. What is the greatest common divisor of d and 14?
14
Suppose -4*m = -5*d + 316, -5*d - m + 288 = 2*m. Calculate the greatest common factor of d and 12.
12
Let y = 33 + 9. What is the highest common divisor of 6 and y?
6
Suppose 2*n - 6*n - 76 = -4*s, 3*s - 56 = 2*n. What is the highest common factor of 12 and s?
6
Suppose 234 = -9*w + 12*w. Suppose -5*h = -25, -5*r + 5*h - 16 + 56 = 0. Calculate the highest common factor of w and r.
13
Let s(d) = -5*d**2 - 7*d + 4. Let a(f) = 4*f**2 + 8*f - 3. Let u(c) = -4*a(c) - 3*s(c). Let x be u(-9). What is the highest common divisor of 162 and x?
18
Let b be ((-8)/3)/(4/6)*-7. Let q(a) = a**3 + 9*a**2 + 7*a + 4. Let v be q(-6). Calculate the greatest common factor of v and b.
14
Suppose 189 = 5*o - 2*o. What is the highest common factor of 9 and o?
9
Let k be (-31)/(-310) + (-218)/(-20). Calculate the greatest common factor of k and 1.
1
Let x = 4 + 38. Suppose 0 = 3*h + 4*o - o - 30, -x = -3*h + 3*o. What is the highest common divisor of 6 and h?
6
Let n = 7 - 0. Suppose 2*z - 30 = -2*l, -2*l = -n*l + z + 51. What is the greatest common factor of 44 and l?
11
Suppose -2*f = -n + 5769, -3*n - 3927 = f - 1039. Let i be f/(-30) + (-1)/6. Let l(x) = 2*x + 4. Let g be l(4). Calculate the greatest common factor of i and g.
12
Let b(w) = -3*w - 10. Let v be b(-7). What is the greatest common factor of v and 1?
1
Let q = 65 + -1. What is the greatest common factor of 8 and q?
8
Let q be 2052/133*14/4. What is the greatest common factor of q and 378?
54
Let c = -263 - -409. Let h = c - 92. What is the highest common factor of h and 81?
27
Let w be -1 - -3 - (2 + -20). Let a = 154 + -80. Let c = a + -34. What is the highest common factor of w and c?
20
Let u = 255 + 273. Calculate the highest common divisor of 48 and u.
48
Let l(g) = 2*g + 1. Let w be l(3). Suppose -w*k = -5*k - 48. Calculate the greatest common factor of k and 216.
24
Let z(u) = 17*u**2 + u. Let v be z(1). Calculate the greatest common factor of 18 and v.
18
Let i(n) = 3*n**3 - 4*n**2 + 3*n - 1. Let g be i(2). Suppose -104*w + 103*w + 52 = 0. What is the greatest common divisor of w and g?
13
Let k(o) = o**2 + 7*o + 10. Let u be k(-10). Calculate the greatest common divisor of 10 and u.
10
Suppose 6*y = -x + 2*y + 21, 3*y = 2*x + 13. What is the highest common divisor of x and 1?
1
Let d be -2 - 132/(-5 - -2). What is the highest common factor of 21 and d?
21
Suppose 168*z = 164*z + 640. Calculate the greatest common factor of 5 and z.
5
Suppose -5*t + 3*b = -15, -4*t = -t - 2*b - 9. Let j = t + -3. Suppose o - 2*l - 18 = j, 3*o + 15 - 78 = -3*l. What is the greatest common divisor of o and 10?
10
Let g(t) = -2 + t**3 + 3*t - 1 + 6*t**2 - 1 - 2. Let p be g(-5). What is the highest common divisor of p and 8?
4
Let s be (-2)/2 - (-6 - 0). Suppose -s*t + 40 = -50. Let q = t - -47. Calculate the highest common divisor of 26 and q.
13
Let r = -13 - -23. What is the highest common divisor of r and 20?
10
Let d = -416 - -445. Suppose y + 12 = 41. What is the greatest common divisor of d and y?
29
Let g be ((-130)/15)/(2/(-3)). Suppose 4*q - g = 3. What is the highest common factor of q and 10?
2
Let o be 3 - ((6 - 3) + -4). Calculate the greatest common divisor of 6 and o.
2
Let c(s) = -s**2 + 9*s - 9. Let u be c(7). Suppose -4*k + 120 = u*f, -2*f + 90 = 3*f - 2*k. Calculate the greatest common factor of 5 and f.
5
Let h(b) = 16*b**2 - b + 2. Let u be h(-2). Calculate the greatest common factor of u and 34.
34
Let m = -11 - -30. Calculate the highest common factor of 133 and m.
19
Suppose 3*w = 5*w - 144. Calculate the greatest common factor of w and 8.
8
Suppose n - 5 = 0, 0 = -4*r + n + 2*n + 81. Calculate the greatest common factor of r and 60.
12
Let w = 3 - -5. Suppose -m + 9 - 6 = 0. Suppose m*o - 46 - 170 = 0. What is the highest common divisor of w and o?
8
Let y(d) = d**3 + 3*d**2 - 2*d - 1. Let r be y(2). What is the highest common divisor of 90 and r?
15
Suppose 5*r + 49 = 4*d, 2*d - r = r + 22. What is the highest common factor of 48 and d?
6
Suppose 4*y - 12 = 2*y. Suppose -a = a - y. Suppose -a*n = -2*p + 1 - 6, -2*n = 2*p - 20. Calculate the greatest common divisor of n and 55.
5
Suppose 4*x = 5*b + 110, -x - 3*b - 24 = -2*x. Let q(c) = -c + 8. Let m be q(2). What is the highest common divisor of m and x?
6
Let p be -2*3/21 - (-7148)/28. What is the greatest common factor of 15 and p?
15
Suppose 0 = 4*m - 2 - 10. Suppose 6*h - 72 - 54 = 0. Suppose 0 = -5*u + 3*n + 57, 3*n - h = -u - 6. What is the highest common divisor of m and u?
3
Let n = 54 - 30. Calculate the greatest common divisor of n and 3.
3
Let n be 11 - (2/(-13) - (-280)/130). What is the highest common factor of n and 117?
9
Let n be 29/(-58) - 450/(-4). What is the greatest common divisor of 32 and n?
16
Let c be 9 - 1*(5 + -4). What is the highest common factor of c and 40?
8
Let t = 277 - 130. Calculate the highest common factor of t and 21.
21
Let z(o) be the third derivative of -o**4/24 + o**3/6 + o**2. Let l be z(-7). Let v = 29 - 21. Calculate the highest common factor of l and v.
8
Let s(t) = -t**2 - 7*t - 5. Let k be s(-12). Let v = k + 165. What is the highest common divisor of 20 and v?
20
Suppose -3*d + 4*d - 15 = 4*n, 5*d + 3*n - 6 = 0. Let w = d + -1. Let y be (-958)/(-12) - w/(-12). Calculate the highest common divisor of 10 and y.
10
Let q = -2 + 5. What is the highest common divisor of 21 and q?
3
Suppose s + 7 = 31. What is the greatest common divisor of 36 and s?
12
Let u = -23 - -25. What is the highest common factor of u and 8?
2
Let j = -93 - -165. What is the greatest common factor of 8 and j?
8
Let l = 34 - 23. Let g = 222 - 15. Let s = g - 119. Calculate the greatest common factor of s and l.
11
Suppose 0 = -c + 2 + 7. Let j = 17 - c. Suppose n - 7 = -3*m, -3*n = -0*m - 2*m - 54. What is the greatest common factor of n and j?
8
Suppose -u + 5*u = -36. Let k = u + 19. What is the greatest common factor of k and 110?
10
Let r be (-3)/2*6/(-9). Let w(g) = 25*g**3 + 2*g**2 - 1. Let m be w(r). What is the highest common divisor of m and 13?
13
Let h(l) = -136*l - 2. Let p be h(2). Let o = 388 + p. Let q be o/15 - (-2)/5. What is the highest common divisor of q and 72?
8
Let y = -6 - -9. Suppose y*a - 6*a = 3, 5*a + 89 = 4*w. Suppose -2*f + w = -45. Calculate the highest common divisor of f and 11.
11
Suppose -4*o - o + 10 = 0. Suppose -6*z = -o*z - 36. Calculate the greatest common factor of 90 and z.
9
Let b be -3 - 0 - (-50 + 7). What is the greatest common divisor of 8 and b?
8
Suppose 0 = -4*t + 72 - 8. Suppose b = -i + 123, 0 = i + 4*b - 63 - 45. What is the highest common divisor of t and i?
16
Let l = -2 + 6. Suppose -m + 5*w = -95, -l*m = 4*w - 258 - 2. Let y(j) = 13*j**3 + j**2 - j + 1. Let g be y(1). Calculate the highest common factor of g and m.
14
Let j = 76 - 1. Let z(k) = 3*k + 0*k - 9*k - 3. Let c be z(-3). What is the greatest common factor of c and j?
15
Suppose 4*y = -3*f - 0*f + 16, 4*y = 2*f + 16. Suppose -2*l + y*t + 56 = 0, 3*l + 3*t - 84 = -0*t. Calculate the highest common factor of l and 42.
14
Let z(h) = h**3 - 16*h**2 + 21*h - 42. Let x be z(15). Calculate the greatest common divisor of 16 and x.
16
Let u(v) = 3*v + 3. Let l be u(3). Suppose 0 = -5*q + 2*a + 52, -3*q - 32 = -5*q - 2*a. What is the highest common factor of q and l?
12
Suppose 6*x - x = 15. Suppose -x*q = -0*q - 24. Let c be -2 + 68 + -2*1. What is the greatest common divisor of c and q?
8
Let c be (1/(-1))/(2/(-8)). Suppose 10 = m + c*m. Let t(s) = 4*s**2 - s - 1. Let n be t(m). What is the greatest common factor of n and 13?
13
Suppose 2*k - 3*r = -0*r + 11, 5*k - 47 = r. Calculate the highest common divisor of 80 and k.
10
Suppose 0 = -4*f + 6*f - 42. Let z = f - 12. Let r = 56 - -7. Calculate the highest common divisor of z and r.
9
Suppose 0 = -3*l - f + 43 + 39, 5*l + 5*f